(z).
-8
Let o(k) = -k**3 + 3. Suppose -11 + 51 = 5*x. Suppose 0 = -4*a + 4 + x. Let q be 3*(-5 - -4) + a. What is o(q)?
3
Let t(p) be the first derivative of -2 + 0*p + 0*p**2 + 1/24*p**4 - p**3 - 1/20*p**5. Let n(a) be the third derivative of t(a). Calculate n(1).
-5
Let a(u) = 7*u**2 + u. Let n(l) = -12*l - 119. Let q be n(-10). What is a(q)?
8
Suppose t - 28 = -24. Let r(x) = -x**2 - x + 12. What is r(t)?
-8
Let y(t) = t**2 + 3*t + 12. Let m(u) = -3. Let b(d) = -2*m(d) - y(d). Calculate b(-4).
-10
Let z(l) be the second derivative of l**5/20 + 2*l**4/3 + 5*l**3/6 - 11*l**2/2 - 171*l. Give z(-7).
3
Let t(a) = -a + 12 - 13 + 13*a**2 + 0*a - 6*a**2. Let v = -4 + 3. Give t(v).
7
Let a(y) = -y**3 + 3*y**2 + 5*y - 1. Let q be a(4). Let f(u) = -3*u + u**2 + 188 - 96 - 95 + 0*u. What is f(q)?
-3
Suppose 4*f - 3*g + 30 = 0, 22 = -5*f - 0*f - 4*g. Let a(c) = -4*c - 8. Calculate a(f).
16
Let i = 2 + 1. Suppose -2*z = -2*n + 6, 5*n + 0*z = z + 27. Let g(p) = p. Let y(w) = -9*w + 2. Let l(u) = n*g(u) + y(u). Calculate l(i).
-7
Let z(r) = 8*r. Suppose -n - 49 - 6 = 4*d, 0 = 2*d + 3*n + 25. Let o = -14 - d. Suppose h + 1 = -o. Calculate z(h).
-8
Let y(w) = -w + 7. Suppose -19*r = -x - 16*r + 9, -2*x - 3 = r. Determine y(x).
7
Let x(a) = -6*a - 1. Let m(s) = -28*s - 4. Let u(c) = m(c) - 5*x(c). Give u(0).
1
Let m(i) = -7*i**2 - 7*i - 2. Let x(h) = -6*h**2 - 6*h - 1. Let r(n) = -5*m(n) + 6*x(n). Let a = -91 - -88. Determine r(a).
-2
Let j(r) = 14 - 39*r + 4*r + 13*r + 10*r + 14*r. Give j(-10).
-6
Let i(o) = 5*o**2 - o. Let t(y) = -2*y**2 - 47*y + 74. Let f be t(-25). Calculate i(f).
6
Let u(h) be the first derivative of -h**5/20 - h**4/8 - 2*h**3/3 - 1. Let s(f) be the third derivative of u(f). Calculate s(-2).
9
Let s(n) = -2*n + 1. Let g be (13/(-7) - -1)*7. Let t(l) = -13*l**2 - 2 + 30*l**2 - 16*l**2 + 6*l. Let w be t(g). Determine s(w).
5
Let t(i) = -3*i + 12. Let l = -1767 - -1777. What is t(l)?
-18
Let w be (243/(-162))/((-1)/2). Let c(k) = k**3 - 3*k**2 + 2*k + 5. Determine c(w).
11
Let d(x) = -2*x - 18 + 41 - 11 + 33. Give d(25).
-5
Let l(o) = 2 - 3 - 4*o + 0*o. Let t(d) = 16*d**2 - 113*d + 5. Let j be t(7). Calculate l(j).
7
Let s(c) = 2*c - 5. Let n(y) be the first derivative of -y**3/3 - 7*y**2/2 + 5*y + 9. Suppose -2*i - 3*i = 35. Let d be n(i). What is s(d)?
5
Let u be 1442/294 - (1 - (-23)/(-21)). Let o(b) be the third derivative of -7*b**2 + 0*b - 1/120*b**6 - 1/24*b**4 + 0 + 1/60*b**u - 7/6*b**3. What is o(0)?
-7
Let o(j) = -3*j - 2. Let p(g) = -21*g**2 - 2*g. Let n be p(2). Let l be (-6)/(-10) + n/(-20). What is o(l)?
-17
Let k(u) = -3*u**2 + 16*u + 7. Let r(f) = 4*f**2 - 17*f - 8. Let z(i) = -5*k(i) - 4*r(i). Give z(-12).
-3
Let y be 11 + -4 + (11 - 10). Let z(c) = -c**3 + 9*c**2 - 8*c - 6. Give z(y).
-6
Let x = -229/8 - -257/8. Let v(d) be the second derivative of 0 - 13*d + 1/2*d**4 - x*d**2 - 5/6*d**3 - 1/20*d**5. Calculate v(5).
-7
Suppose -4*n + 30 = -2*c, -3*n - 4*c + 26 = -2*c. Suppose 0*o = 2*o - n. Let r(y) = -5*y + 2*y**2 - 2*y**2 + o - y**2. What is r(-3)?
10
Let z(t) = 3*t**2 + 3*t - 6. Let v(x) = -6*x**2 - 5*x + 11. Let m(h) = -4*v(h) - 7*z(h). Let f be ((-6)/(-14))/((8 - -4) + (-1815)/154). What is m(f)?
8
Let q = -14 - -16. Let s(h) = -1 - 2*h - 12*h + h**2 - q*h + 22. Let r be s(15). Let t(c) = -c + 1. Determine t(r).
-5
Suppose -7*h - 7*h + 1330 = 0. Let s = -89 + h. Let t(w) be the second derivative of -w**4/12 + 7*w**3/6 + 3*w**2/2 + w. Determine t(s).
9
Let m(w) be the second derivative of -w**4/12 + w**3/3 + 3*w**2/2 + 74*w. Calculate m(4).
-5
Let q(r) = -2*r**2 + r - 1. Let h = 20 + -18. Let z be q(h). Let o(s) = s - 4 - s - 2*s. What is o(z)?
10
Let m(w) = -w**3 + 6*w**2 + 3*w + 7. Let z(q) = q**2 + 33*q + 69. Let b be z(-31). Calculate m(b).
-21
Let o(k) = 53*k - 6 - 101*k + 47*k. What is o(0)?
-6
Let q(k) = -4*k**2 + 2*k - 1. Let t(j) = -7*j**2 + 3*j - 2. Let o(d) = -5*q(d) + 3*t(d). Let y(s) = 2*s**2 + 10*s - 3. Let x(p) = 3*o(p) + y(p). Give x(4).
6
Let n be (-6)/7 + 7980/(-980). Let j(v) be the first derivative of -v**4/4 - 3*v**3 - 4*v - 1. What is j(n)?
-4
Let u = -75 - -69. Let b(n) = n**2 - 1 + 10*n + 2 - 4*n. Calculate b(u).
1
Let h(r) be the third derivative of r**5/10 + 5*r**4/24 + 5*r**3/6 - 91*r**2. What is h(-2)?
19
Let n(f) = f**2 + 6*f - 3. Let q be 1 + -1*2/(-1). Suppose 3*u - 3 + 1 = 5*l, 4*l = -q*u - 7. Let t be -6 - (1 + u + -3). Determine n(t).
-12
Suppose 5*b = -33 + 3. Let w(g) be the first derivative of -g**3/3 - 5*g**2/2 - 7*g + 19. Determine w(b).
-13
Let h(r) be the third derivative of -r**4/24 - 2*r**3/3 - 19*r**2. Suppose 0 = -3*l - 2*l - 30. Let c(b) = -b - 4. Let z(y) = l*h(y) + 5*c(y). Calculate z(-3).
1
Let y(s) be the first derivative of -s**3/3 + 7*s**2 - 5*s - 55. Give y(13).
8
Let c(i) be the third derivative of i**4/24 + 3*i**3/2 + 23*i**2 + 3. Give c(-9).
0
Let y(i) = -i**2 - i + 2. Let o = 0 - 3. Suppose -p = -c, 4*c + 3 = -2*p - 3. Let u = c - o. Determine y(u).
-4
Let k = -22 + 25. Suppose k*s - 2*s - 8 = 0. Let h(r) = -r**3 + 7*r**2 + 9*r - 3. Give h(s).
5
Let w(j) = 2*j + 52. Let l be w(-24). Let v(i) = -i**2 + 5*i - 2. What is v(l)?
2
Let x(b) = 135*b**2 - 30*b - 32. Let a(y) = -51*y**2 + 10*y + 11. Let n(t) = -8*a(t) - 3*x(t). Determine n(-6).
56
Let v(f) be the second derivative of -f**3/6 + f**2/2 - 7*f. Let n(m) = 8 + 2*m - 5 - 10*m + 5. Let d(t) = -3*n(t) + 21*v(t). Give d(4).
9
Let x be (-6)/(-8)*(-22 + 126). Suppose -4*r - 58 + x = 0. Let h(k) = -k**3 + 5*k**2 - 5. Give h(r).
-5
Suppose -201 + 41 = -32*x. Let n(q) = -q**3 + 4*q**2 + 9*q - 19. What is n(x)?
1
Let h(t) = -3*t**2 - 4*t - 2. Suppose -4*q = -4*u - 56, -q - u - 2*u = -34. Let k = q + -9. Let d be ((-15)/k)/((-3)/(-4)). Calculate h(d).
-6
Let g(n) = 5*n + 7. Let x(w) = 32*w**2 + 3*w - 2. Let r be x(1). Suppose -4*a - r = -13. Give g(a).
-18
Suppose 4*z - 46 = -22. Let w(v) = 5 - v - 1 + 1. Give w(z).
-1
Let y(g) = 67 - 128 + 59 - 2*g. Let f(r) = r**2 + 8*r + 2. Let o be f(-7). What is y(o)?
8
Suppose -15 = 2*s - 7*s. Let z(a) = a**2 + 2 + s*a - a - 10*a. Determine z(7).
-5
Let q(x) = 1 - 2 - 1 + 3. Let n(p) = p**3 - 7*p**2 + 5*p - 1. Let t(a) = n(a) + 2*q(a). Give t(6).
-5
Let j(y) = -16 - 2*y + 30*y + 10 - 12*y. What is j(5)?
74
Let v(t) = -460*t**2 - t**3 + 230*t**2 - 2 + t + 229*t**2 - 2*t**3 - 2*t. What is v(2)?
-32
Let p(j) = -2 + 2*j + 6 + 0. Suppose -3*t + 5*o + 5 + 8 = 0, -5*o - 5 = -5*t. Give p(t).
-4
Let d(u) = u**3 - 9*u**2 + 8*u + 3. Let v be d(8). Let b(n) = 2*n**2 + 3 - 2 + 4*n + v. Calculate b(-3).
10
Let g = 48 - 41. Let o(v) = 3*v**3 - 5*v**2 + 6*v - 6. Let r(m) = m**3 - 2*m**2 + 2*m - 2. Let k(q) = g*r(q) - 2*o(q). Determine k(3).
-5
Let y(j) = -j**3 - 7*j**2 - j + 3. Let o(h) = 0*h - 8*h - 35 - 2*h + 6*h. Let w be o(-7). Determine y(w).
10
Let d = -6 + 16. Suppose 5*c = -2*j - 19, 2*c + d = -5*j - 6. Let m(i) = -i**2 + 0*i**2 + 0*i**2 - i - i + 1. What is m(c)?
-2
Let f(x) be the first derivative of x**4/4 - 4*x**3/3 + x**2/2 + x - 89. Calculate f(3).
-5
Let i(x) = -x + 10. Let s be i(8). Let k be -3 + s + -1 + 3. Let o(a) = -a - k - 3 + 1 + 1. Give o(0).
-2
Suppose -4*d + 9 - 1 = 0. Let b(s) = s**2 - 3*s**2 + d*s**2 + s**2 - 10. Suppose u = -3, -u = -2*y - 0 + 3. Calculate b(y).
-10
Let s(w) = -14*w**2 + 41*w + 18. Let x(a) = 5*a**2 - 14*a - 6. Let q(f) = -6*s(f) - 17*x(f). Suppose 2*z = -18 + 6. Calculate q(z).
6
Let g(r) = -2*r + 1. Let s(n) = 5*n + 2. Let q(i) = 3*g(i) + s(i). Let l be 61/9 + (-2)/(-9). Determine q(l).
-2
Let v(t) = 2*t**3 + 7*t**2 - t - 13. Let f(j) = j**3 + j - 2. Let h(b) = 3*f(b) - v(b). Let y = 16 + -11. What is h(y)?
-23
Let w(l) = -l**3 - 4*l**2 + 2*l + 4. Let y = 23 - 11. Suppose -y = 3*n + 3*p, -n + 2*p + 1 = 2. Give w(n).
-11
Let t = -233 - -233. Let x(b) = b**3 + b**2 + b - 4. Calculate x(t).
-4
Let h(j) be the first derivative of -j**4/4 + 3*j**3 - j - 161. Determine h(9).
-1
Let b(v) = 5*v. Let l = 20 + -17. Suppose -4*t - l = -7. Calculate b(t).
5
Let l(r) = -132*r. Let p(a) = -19*a. Let v(n) = -3*l(n) + 22*p(n). Let y(m) = -15*m. Let u(f) = -5*v(f) + 7*y(f). Determine u(-3).
-15
Let w(q) = -5*q + 14. Let o be w(3). Let j(u) = u**3 + u**2 + 5*u + 4. Let s be j(o). Let t(f) = -12*f**2 - 2*f - 1. Determine t(s).
-11
Let n = 17 - 12. Suppose -v = n*i